-1*(-3 - 30 - j). Suppose -13 - 9 = -2*h - 4*s, -2*s = 3*h - i. Calculate the remainder when 16 is divided by h.
7
Calculate the remainder when (12/72)/(17171/(-17178) - -1) is divided by 215.
194
Suppose -o - 5 = -2*o. Suppose -25*j + 1104 + 1961 = 1040. What is the remainder when j is divided by o?
1
Let t be (3/6)/((-5)/770). Let c = t + 82. Let z(h) = 2*h**3 - 11*h**2 + 4*h + 9. Calculate the remainder when 5 is divided by z(c).
1
Let n(h) = 10*h + 1816. What is the remainder when n(-8) is divided by 68?
36
Suppose 1284*c + 1218 = 1305*c. What is the remainder when 804 is divided by c?
50
Suppose 81*t - 80*t = 87. Suppose -w = -0*w + 3*d - 21, 3*w = 3*d + t. What is the remainder when 86 is divided by w?
5
Suppose 422*l = 425*l - 2688. Let v = -575 + l. What is the remainder when v is divided by 19?
17
Suppose -10*f + 8*f = 8. Calculate the remainder when f*((-105)/(-6))/(-5) is divided by 30/(-12)*6*1/(-3).
4
Calculate the remainder when 24 is divided by 221/(-13) - -26 - -3.
0
Suppose 0 = -0*i - 2*i. Suppose i = -17*c + 2425 + 431. Calculate the remainder when c is divided by 35.
28
Let m = 13 + 74. Calculate the remainder when m is divided by 1/((-90)/456 - 10/(-40)).
11
Suppose -3*a + 406 = -1421. Let l = a + -565. Calculate the remainder when l is divided by 6.
2
Let i(n) = 2*n**3 + 11*n**2 + 2*n - 26. Suppose -4*h = 9 - 29. Suppose 0 = y + h, -k = -2*k + 5*y + 51. Calculate the remainder when k is divided by i(-4).
12
Let j(v) = v**3 - 12*v**2 + v + 22. Let y be j(5). Let u = 161 + y. Calculate the remainder when 77 is divided by u.
12
Suppose -23649*d = -23618*d - 1984. What is the remainder when 183 is divided by d?
55
Let y(t) = -126*t - 11521. Calculate the remainder when 4231 is divided by y(-92).
42
Suppose 996 + 1068 = 43*m. Suppose 4*c = -1 + 21. Suppose -4*f + c*a + 77 = 0, 0 = f + 2*f + 4*a - 19. What is the remainder when m is divided by f?
9
Suppose -5*l + 2*y + 396 + 766 = 0, 4*y = -4. Calculate the remainder when 258 is divided by l.
26
Let v = 3212 + -3205. What is the remainder when 129 is divided by v?
3
What is the remainder when 3912/22 - 20/(-110) is divided by 76?
26
Let h = 22164 + -22121. Let d(p) = -2*p**3 - 4*p**2 + 4*p + 1. What is the remainder when d(-5) is divided by h?
2
Let o(y) = -3*y + y**2 + 3*y + 0*y**2 + 3*y. Calculate the remainder when ((-45)/(-25))/(2390/(-600) - -4) is divided by o(-5).
8
Let i be (4/6)/(10/(-12) + 1). Let s be i*-1 - (24/1)/2. Calculate the remainder when 26 is divided by (2 - 47)*s/40.
8
Suppose 4*y + 3*x - 46 = 0, -4*y - 148*x - 2 = -153*x. What is the remainder when 14 is divided by y?
0
Suppose -5*i = -5, 5*c - i + 3*i = 17. Suppose -8*p = -4*s - c*p + 67, -5*s + 5*p = -90. What is the remainder when 55 is divided by s?
9
Suppose -4*c - 26*i = -29*i - 19, c = -3*i - 14. Calculate the remainder when 260 is divided by c.
0
Suppose 129*b = 252*b - 124*b + 83. Calculate the remainder when 372 is divided by b.
40
Suppose 4*n - 442100 = -20*n - 76*n. What is the remainder when n is divided by 246?
239
Suppose 3*b + 3*d - 3 = 0, 0 = 4*d + 3 + 1. Suppose 0 = f - 2*q - 11, -5*f + 9*q = 5*q - 43. Calculate the remainder when f is divided by b.
1
Suppose -143*j + 147*j = -84. Let s be 41 + 2/6 + (-35)/j. Let t = 58 - s. Calculate the remainder when 87 is divided by t.
12
Let x(s) = s**2 - 24*s - 739. What is the remainder when x(-30) is divided by 88?
1
Let x = 26953 + -26563. Calculate the remainder when x is divided by 55.
5
Suppose 2*d - 67 = -r + 3*d, -r + 63 = d. Suppose -4*v + 356 = 4*y, -4*v + 438 = v - 2*y. Let z = v - r. Calculate the remainder when z is divided by 4.
3
Suppose 62 = 25*o - 5*o - 78. What is the remainder when 117 is divided by o?
5
Suppose 3*x = 5*b + 460, 3*b + 170 + 107 = 2*x. Let l = 71 - b. Calculate the remainder when l is divided by 23.
22
Let f = 37823 - 37244. What is the remainder when f is divided by ((-584)/(-32))/((-2)/(-8))?
68
Suppose -22*l - 575 = -1169. What is the remainder when 93 is divided by l?
12
Suppose -459*y + 455*y + 4*r + 28 = 0, 4*y - 79 = -13*r. Let p = -4 + 32. Calculate the remainder when p is divided by y.
8
Suppose 2*u - 7*u + 245 = 0. Suppose -5*y = -101 - u. Calculate the remainder when 111 is divided by y.
21
Suppose -4*g + 2*k + 39 = -15, 3*g - 42 = 2*k. Suppose -5*r - 66 = -x + g, -4*x - 4*r = -384. Calculate the remainder when x is divided by (9/(-6))/(3/(-32)).
13
Calculate the remainder when 943 is divided by (-28845)/(-270) + (33/(-18) - -1).
95
Let w(u) = u**3 - 10*u**2 + 6*u + 60. Let b be w(9). Suppose 0 = 3*z - 3*x - 126, z + 0*x = -2*x + b. Calculate the remainder when z is divided by 15.
9
Let w(p) = -p**2 - 10*p - 13. Let q(r) = r**2 + 12*r + 32. Calculate the remainder when q(5) is divided by w(-8).
0
Let j(l) = l + 1. Let v = 118333 + -118284. Calculate the remainder when v is divided by j(5).
1
Suppose -3*o + 12 = 0, -i = -4*o - 196 + 49. Suppose 5 = 6*z - i. Suppose -3*p + z = -2*p. What is the remainder when p is divided by 17?
11
Suppose 0*a + 1203 = -3*a - 3*h, 4*a + 1599 = -5*h. Let x = a - -447. Suppose 3*b + 1 - 4 = 0, -46 = -4*m - 2*b. What is the remainder when x is divided by m?
8
Suppose -3*r + 254 = 4*x, 133*x - 134*x = 7. Calculate the remainder when r is divided by (-5 - -14 - -1)*(2 + -1).
4
Let q be (-6456)/15 + 12/30. Let j = -210 - q. What is the remainder when j is divided by 32?
28
Suppose 0 = 33*j - 36*j + 156. Suppose 7*w = j - 17. Suppose 4*q + 2*v - 57 = 7, 3*v = -q + 16. What is the remainder when q is divided by w?
1
Let q(w) = 22*w**2 - 429*w + 1295. Calculate the remainder when 1064 is divided by q(3).
34
Calculate the remainder when 247 is divided by (21 + -925)*(-20)/160.
21
Suppose 0 = u + 18 - 14, 16 = -2*j - 5*u. Suppose 0 = j*y + 4*y - 126. Calculate the remainder when 145 is divided by y.
19
Suppose 3*a - 7 = 2*b, -a + 8 - 3 = 0. Suppose b*q - 77 = 251. What is the remainder when q is divided by -15*(-1)/60*(-17)/((-85)/580)?
24
Let q(a) = -a**3 - 6*a**2 - 3*a + 7. Let v be q(-4). Let g = v + 24. Calculate the remainder when g is divided by 6.
5
Let l = 15 + -17. Let g be (l + 0)/(2/(-36)). Suppose -4*m + 7*a - 2*a = -24, 2*a + g = 4*m. Calculate the remainder when 19 is divided by m.
8
Let j(z) = -z**3 - 4*z**2 + 4*z - 49. Let x be j(-6). What is the remainder when (x - -7*5)*(20 + -18) is divided by 22?
2
Let g(a) = -60*a - 5. Let m be g(-1). Suppose 0 = -49*x + 48*x + m. Let j = -38 + x. What is the remainder when j is divided by 7?
3
Suppose 0 = 4*b - p - 0*p - 191, -b - p + 54 = 0. Suppose -5*n + 708 = 2*a, -3*n - 20*a = -22*a - 428. What is the remainder when n is divided by b?
44
Suppose -3*i + b + 225 = -119, -114 = -i + b. Calculate the remainder when 2654 is divided by i.
9
Let a(k) = -24*k + k**2 - 4*k + 4*k**2 - 54 - 64. What is the remainder when a(-4) is divided by 16?
10
Let x(g) = 48*g**2 - 168*g - 50. What is the remainder when x(6) is divided by 335?
0
Let z = -28252 - -35914. What is the remainder when z is divided by 7?
4
Let r(g) = 2*g**2 + 69*g - 2721. What is the remainder when 236 is divided by r(-58)?
1
Let q be (32 - 36)/(1*-2). What is the remainder when 217 is divided by -26*((-9)/q - -4)?
9
What is the remainder when (7 + 4822 + 5)*(-1)/(-2) is divided by 110?
107
Suppose 1 = -4*r + b - 0, b - 1 = -5*r. Suppose 84 = -r*a + 2*a. Calculate the remainder when a is divided by 9 + (44 - 27) - 11.
12
Calculate the remainder when 201 - 1 - (8 + -9 + 6) is divided by 188.
7
Suppose 100 = 13*f - 3*f. Suppose 4*k - 2*c - 14 - 16 = 0, -4*k + 5*c = -27. What is the remainder when 14 - (f/(-15))/(2/(-6)) is divided by k?
4
Let j = 87 - 151. Let u = 31 - -86. Let f = j + u. What is the remainder when 156 is divided by f?
50
Let c = 785 + -767. Suppose 0 = -0*f + 4*f + 20. Calculate the remainder when c is divided by ((-14)/4)/(f/10).
4
Suppose -41*y + 7*y = 23*y - 350094. What is the remainder when y is divided by 8?
6
Suppose -4*u - 3*q = -9*u + 4864, -3*u - 2*q = -2907. Suppose 149 + u = 20*m. Let t = -22 - -53. What is the remainder when m is divided by t?
25
Let h = 17 - 12. Let u = -3763 + 3809. Calculate the remainder when u is divided by h.
1
Let j be (18 - 1) + 3 - -3. Let z = 26 - j. Suppose 4*a + 32 = z*f + 3*a, -f + 4 = 3*a. Calculate the rem